{"id":544,"date":"2024-02-05T21:26:27","date_gmt":"2024-02-05T20:26:27","guid":{"rendered":"https:\/\/www.flatworldphoto.com\/griechenland\/datenschutz-2\/"},"modified":"2025-01-23T12:51:23","modified_gmt":"2025-01-23T11:51:23","slug":"datenschutz","status":"publish","type":"page","link":"https:\/\/www.flatworldphoto.com\/griechenland\/datenschutz\/","title":{"rendered":"Datenschutz"},"content":{"rendered":"<p><span style=\"font-size: 14pt;\"><strong>Datenschutzerkl\u00e4rung<\/strong><\/span><\/p>\n<p><strong><br \/>\n1. Erhebung, Verwendung und Verarbeitung personenbezogener Daten<\/strong><\/p>\n<p class=\"bodytext\">1.1 Sie k\u00f6nnen die Webseite <strong><a href=\"https:\/\/www.flatworldphoto.com\" rel=\"noopener noreferrer\">www.flatworldphoto.com<\/a><\/strong> benutzen, ohne Angaben zu Ihrer Person zu machen.<\/p>\n<p>1.2 Bei einer Anfrage \u00fcber unser Kontaktformular werden folgende Daten erhoben: Name (obligatorisch), E-Mail-Adresse (obligatorisch), Betreff (obligatorisch), Nachricht (optional).<\/p>\n<p class=\"bodytext\">1.3 Sollte eine Anfrage hier oder auf anderem Wege an uns gerichtet werden, verwenden wir Ihre, z.B. per Kontaktformular oder E-Mail \u00fcbermittelten, personenbezogenen Daten ohne gesonderte Einwilligung (gem\u00e4\u00df Artikel 6 Absatz 1 Satz 1 Buchstabe a) Datenschutzgrundverordnung (DSGVO)) ausschlie\u00dflich zur Beantwortung und Abwicklung Ihrer Anfrage und zur Vertragserf\u00fcllung (z.B. Vertragsbegr\u00fcndung, Vertragsdurchf\u00fchrung sowie Abrechnungszwecke) auf der Grundlage von Artikel 6 Absatz 1 Satz 1 Buchstabe b) DSGVO.<\/p>\n<p>1.4 Wir l\u00f6schen Ihre Daten nach vollst\u00e4ndiger Erledigung Ihrer Anfrage bzw. nach vollst\u00e4ndiger Beendigung der vertraglichen Beziehung und nach Ende der gesetzlichen Aufbewahrungsfristen (<a href=\"https:\/\/www.gesetze-im-internet.de\/ao_1977\/__147.html\" target=\"_blank\" rel=\"noopener noreferrer\"><strong>\u00a7 147 AO<\/strong><\/a> \/ <a href=\"https:\/\/www.gesetze-im-internet.de\/ustg_1980\/__14b.html\" target=\"_blank\" rel=\"noopener noreferrer\"><strong>\u00a7 14b UStG<\/strong><\/a>).<\/p>\n<p><strong><br \/>\n2.<\/strong> <strong>Weitergabe personenbezogener Daten <\/strong><\/p>\n<p>Eine Weitergabe Ihrer Daten an Dritte erfolgt nur, wenn:<\/p>\n<p>\u2013 Sie nach Artikel 6 Absatz 1 Satz 1 Buchstabe a) DSGVO hierzu eine ausdr\u00fcckliche Einwilligung erteilt haben,<\/p>\n<p>\u2013 dies nach Artikel 6 Absatz 1 Satz 1 Buchstabe b) DSGVO zur Durchf\u00fchrung vorvertraglicher Ma\u00dfnahmen oder eines Vertrages mit Ihnen erforderlich bzw. zul\u00e4ssig ist, z.B. soweit Daten durch Dritte innerhalb der Europ\u00e4ischen Union im Auftrag\u00a0 verarbeitet werden,<\/p>\n<p>\u2013 dies zur Erf\u00fcllung einer rechtlichen Verpflichtung nach Artikel 6 Absatz 1 Satz 1 Buchstabe c) DSGVO erforderlich ist,<\/p>\n<p>\u2013 dies zur Wahrung berechtigter Interessen nach Artikel 6 Absatz 1 Satz 1 Buchstabe f) DSGVO, z.B. zur Geltendmachung oder Verteidigung von Rechtsanspr\u00fcchen, erforderlich ist, es sei denn, Ihre \u00fcberwiegenden schutzw\u00fcrdigen Interessen, Grundrechte und Grundfreiheiten stehen diesem entgegen.<\/p>\n<p><strong><br \/>\n3. Datensicherheit<\/strong><\/p>\n<p>3.1 Wir sichern unsere Website und sonstigen Systeme durch technische und organisatorische Ma\u00dfnahmen gegen Verlust, Zerst\u00f6rung, Zugriff, Ver\u00e4nderung oder Verbreitung Ihrer Daten durch unbefugte Personen.<\/p>\n<p>3.2 Sie erkennen an dem Symbol eines geschlossenen Vorh\u00e4ngeschlosses links in der Eingabezeile Ihres Internet-Browsers, ob die jeweils aufgerufene Seite verschl\u00fcsselt \u00fcbertragen wird.<\/p>\n<p>3.3 Bei einer Kommunikation per E-Mail sind die \u00fcbermittelten Daten dem allgemeinen Risiko einer nicht vollst\u00e4ndig verschl\u00fcsselten E-Mail-Kommunikation (keine Ende-zu-Ende-Verschl\u00fcsselung) ausgesetzt. Wir bieten Ende-zu-Ende-Verschl\u00fcsselung an. Falls Sie eine solche w\u00fcnschen, teilen Sie uns dies bitte, am besten telefonisch, mit.<\/p>\n<p class=\"bodytext\"><b><br \/>\n4. Auswertung von Zugriffsdaten<br \/>\n<\/b><\/p>\n<p class=\"bodytext\">Zugriffe auf die Website <strong><a href=\"https:\/\/www.flatworldphoto.com\" data-htmlarea-external=\"1\">www.flatworldphoto.com<\/a><\/strong> werden serverseitig in Form von Nutzungsdaten (IP-Adresse des Routers \u2013 Datum und Uhrzeit des Zugriffs \u2013 Name und Internet-Adresse der abgerufenen Dateien \u2013 Website, von der der Zugriff erfolgt (sogenannte Referrer-URL) \u2013 verwendeter Browser \u2013 Betriebssystem \u2013 Name des Access-Providers), gegebenenfalls auf Basis von Artikel 6 Absatz 1 Satz 1 Buchstabe f) DSGVO, zu Zwecken von Systemsicherheit und -stabilit\u00e4t und stetigen Optimierung unseres Webangebots anonym ausgewertet und die Nutzungsdaten sodann gel\u00f6scht.<\/p>\n<p><strong><br \/>\n5. Widerruf von Einwilligungen<\/strong><\/p>\n<p>Wir weisen Sie darauf hin, dass Sie Ihre (zum Beispiel elektronisch erteilten) Einwilligungen in die Erhebung, Verwendung und Verarbeitung personenbezogener Daten jederzeit mit Wirkung f\u00fcr die Zukunft widerrufen k\u00f6nnen (Artikel 7 Absatz 3 DSGVO).\u00a0Durch den Widerruf der Einwilligung wird die Rechtm\u00e4\u00dfigkeit der aufgrund der Einwilligung bis zum Widerruf erfolgten Verarbeitung nicht ber\u00fchrt.<\/p>\n<p><strong><br \/>\n6. <\/strong><strong>Auskunftsrecht und sonstige Rechte<\/strong><\/p>\n<p>Nach der Datenschutzgrundverordnung (DSGVO) haben Sie ein Recht auf unentgeltliche Auskunft \u00fcber Ihre gespeicherten Daten (Artikel 15 DSGVO) sowie ein Recht auf Berichtigung (Artikel 16 DSGVO), L\u00f6schung (Artikel 17 DSGVO), Einschr\u00e4nkung der Verarbeitung (Artikel 18 DSGVO) sowie ein Recht auf Daten\u00fcbertragbarkeit (Artikel 20 DSGVO) dieser Daten.<\/p>\n<p><strong><br \/>\n<em>7. Widerspruchsrecht<\/em><br \/>\n<\/strong><\/p>\n<p><em>Dar\u00fcber hinaus haben Sie das Recht, aus Gr\u00fcnden, die sich aus Ihrer besonderen Situation ergeben, jederzeit gegen die Verarbeitung Sie betreffender personenbezogener Daten, die aufgrund von Artikel 6 Absatz 1 Satz 1 Buchstabe e) DSGVO (Verarbeitung von Daten im \u00f6ffentlichen Interesse) oder aufgrund von Artikel 6 Absatz 1 Satz 1 Buchstabe f) DSGVO (Verarbeitung von Daten auf Grundlage einer Interessenabw\u00e4gung) erfolgt, Widerspruch einzulegen (Artikel 21 DSGVO). In diesem Fall k\u00f6nnen jedoch zwingende schutzw\u00fcrdige Gr\u00fcnde f\u00fcr die Verarbeitung, die Ihre Interessen, Rechte und Freiheiten \u00fcberwiegen, oder die Verarbeitung dient der Geltendmachung, Aus\u00fcbung oder Verteidigung von Rechtsanspr\u00fcchen, zur weiteren Verarbeitung f\u00fchren.<\/em><\/p>\n<p><strong><br \/>\n8. Automatisierte Entscheidungsfindung im Einzelfall<br \/>\n<\/strong><\/p>\n<p>Eine automatisierte Entscheidungsfindung im Einzelfall (einschlie\u00dflich Profiling) besteht nicht.<\/p>\n<p><strong><br \/>\n9. Beschwerderecht bei einer Aufsichtsbeh\u00f6rde<\/strong><\/p>\n<p>Sie haben ein Beschwerderecht bei der zust\u00e4ndigen Aufsichtsbeh\u00f6rde (Artikel 77 DSGVO).<\/p>\n<p><strong><br \/>\n10. Verantwortlicher f\u00fcr die Datenverarbeitung<\/strong><\/p>\n<p class=\"bodytext\">Diplom-Designer Stefan Ricke<\/p>\n<p>handelnd unter: flatworldphoto<\/p>\n<p>Klaustaler Str. 3<br \/>\nD-13187 Berlin<\/p>\n<p>Tel. 0179 \u2013 114 68 85<\/p>\n<p><strong><a href=\"mailto:info@flatworldphoto.com\">info(at)flatworldphoto.com<\/a><\/strong><\/p>\n<p>Weitere Einzelheiten zum Verantwortlichen finden Sie im <strong><a href=\"..\/impressum\/\">Impressum<\/a><\/strong>.<\/p>\n<p><strong><br \/>\n11. Text der Datenschutzgrundverordnung<\/strong><\/p>\n<p>Den vollst\u00e4ndigen Text der Datenschutzgrundverordnung (DSGVO) finden Sie <strong><a href=\"https:\/\/eur-lex.europa.eu\/legal-content\/DE\/TXT\/?qid=1529564149242&amp;uri=CELEX:02016R0679-20160504\" target=\"_blank\" rel=\"noopener noreferrer\" data-htmlarea-external=\"1\">hier<\/a><\/strong>.<\/p>\n","protected":false},"excerpt":{"rendered":"<p>Datenschutzerkl\u00e4rung 1. Erhebung, Verwendung und Verarbeitung personenbezogener Daten 1.1 Sie k\u00f6nnen die Webseite www.flatworldphoto.com benutzen, ohne Angaben zu ...<\/p>","protected":false},"author":2,"featured_media":0,"parent":0,"menu_order":0,"comment_status":"closed","ping_status":"closed","template":"","meta":{"footnotes":""},"yoast_head":"<!-- This site is optimized with the Yoast SEO plugin v21.9.1 - https:\/\/yoast.com\/wordpress\/plugins\/seo\/ -->\n<title>Datenschutz - flatworldphoto<\/title>\n<meta name=\"robots\" content=\"index, follow, max-snippet:-1, max-image-preview:large, max-video-preview:-1\" \/>\n<link rel=\"canonical\" href=\"https:\/\/www.flatworldphoto.com\/griechenland\/datenschutz\/\" \/>\n<meta property=\"og:locale\" content=\"de_DE\" \/>\n<meta property=\"og:type\" content=\"article\" \/>\n<meta property=\"og:title\" content=\"Datenschutz - flatworldphoto\" \/>\n<meta property=\"og:description\" content=\"Datenschutzerkl\u00e4rung 1. Erhebung, Verwendung und Verarbeitung personenbezogener Daten 1.1 Sie k\u00f6nnen die Webseite www.flatworldphoto.com benutzen, ohne Angaben zu Ihrer Person zu machen. 1.2 Bei einer Anfrage \u00fcber unser Kontaktformular werden folgende Daten erhoben: Name (obligatorisch), E-Mail-Adresse (obligatorisch), Betreff (obligatorisch), Nachricht (optional). 1.3 Sollte eine Anfrage hier oder auf anderem Wege an uns gerichtet werden, verwenden [&hellip;]\" \/>\n<meta property=\"og:url\" content=\"https:\/\/www.flatworldphoto.com\/griechenland\/datenschutz\/\" \/>\n<meta property=\"og:site_name\" content=\"flatworldphoto\" \/>\n<meta property=\"article:modified_time\" content=\"2025-01-23T11:51:23+00:00\" \/>\n<meta name=\"twitter:card\" content=\"summary_large_image\" \/>\n<meta name=\"twitter:label1\" content=\"Gesch\u00e4tzte Lesezeit\" \/>\n\t<meta name=\"twitter:data1\" content=\"4 Minuten\" \/>\n<script type=\"application\/ld+json\" class=\"yoast-schema-graph\">{\"@context\":\"https:\/\/schema.org\",\"@graph\":[{\"@type\":\"WebPage\",\"@id\":\"https:\/\/www.flatworldphoto.com\/griechenland\/datenschutz\/\",\"url\":\"https:\/\/www.flatworldphoto.com\/griechenland\/datenschutz\/\",\"name\":\"Datenschutz - flatworldphoto\",\"isPartOf\":{\"@id\":\"https:\/\/www.flatworldphoto.com\/griechenland\/#website\"},\"datePublished\":\"2024-02-05T20:26:27+00:00\",\"dateModified\":\"2025-01-23T11:51:23+00:00\",\"breadcrumb\":{\"@id\":\"https:\/\/www.flatworldphoto.com\/griechenland\/datenschutz\/#breadcrumb\"},\"inLanguage\":\"de-DE\",\"potentialAction\":[{\"@type\":\"ReadAction\",\"target\":[\"https:\/\/www.flatworldphoto.com\/griechenland\/datenschutz\/\"]}]},{\"@type\":\"BreadcrumbList\",\"@id\":\"https:\/\/www.flatworldphoto.com\/griechenland\/datenschutz\/#breadcrumb\",\"itemListElement\":[{\"@type\":\"ListItem\",\"position\":1,\"name\":\"Startseite\",\"item\":\"https:\/\/www.flatworldphoto.com\/griechenland\/\"},{\"@type\":\"ListItem\",\"position\":2,\"name\":\"Datenschutz\"}]},{\"@type\":\"WebSite\",\"@id\":\"https:\/\/www.flatworldphoto.com\/griechenland\/#website\",\"url\":\"https:\/\/www.flatworldphoto.com\/griechenland\/\",\"name\":\"flatworldphoto\",\"description\":\"Fotoreportage | Griechenland\",\"potentialAction\":[{\"@type\":\"SearchAction\",\"target\":{\"@type\":\"EntryPoint\",\"urlTemplate\":\"https:\/\/www.flatworldphoto.com\/griechenland\/?s={search_term_string}\"},\"query-input\":\"required name=search_term_string\"}],\"inLanguage\":\"de-DE\"}]}<\/script>\n<!-- \/ Yoast SEO plugin. -->","yoast_head_json":{"title":"Datenschutz - flatworldphoto","robots":{"index":"index","follow":"follow","max-snippet":"max-snippet:-1","max-image-preview":"max-image-preview:large","max-video-preview":"max-video-preview:-1"},"canonical":"https:\/\/www.flatworldphoto.com\/griechenland\/datenschutz\/","og_locale":"de_DE","og_type":"article","og_title":"Datenschutz - flatworldphoto","og_description":"Datenschutzerkl\u00e4rung 1. Erhebung, Verwendung und Verarbeitung personenbezogener Daten 1.1 Sie k\u00f6nnen die Webseite www.flatworldphoto.com benutzen, ohne Angaben zu Ihrer Person zu machen. 1.2 Bei einer Anfrage \u00fcber unser Kontaktformular werden folgende Daten erhoben: Name (obligatorisch), E-Mail-Adresse (obligatorisch), Betreff (obligatorisch), Nachricht (optional). 1.3 Sollte eine Anfrage hier oder auf anderem Wege an uns gerichtet werden, verwenden [&hellip;]","og_url":"https:\/\/www.flatworldphoto.com\/griechenland\/datenschutz\/","og_site_name":"flatworldphoto","article_modified_time":"2025-01-23T11:51:23+00:00","twitter_card":"summary_large_image","twitter_misc":{"Gesch\u00e4tzte Lesezeit":"4 Minuten"},"schema":{"@context":"https:\/\/schema.org","@graph":[{"@type":"WebPage","@id":"https:\/\/www.flatworldphoto.com\/griechenland\/datenschutz\/","url":"https:\/\/www.flatworldphoto.com\/griechenland\/datenschutz\/","name":"Datenschutz - flatworldphoto","isPartOf":{"@id":"https:\/\/www.flatworldphoto.com\/griechenland\/#website"},"datePublished":"2024-02-05T20:26:27+00:00","dateModified":"2025-01-23T11:51:23+00:00","breadcrumb":{"@id":"https:\/\/www.flatworldphoto.com\/griechenland\/datenschutz\/#breadcrumb"},"inLanguage":"de-DE","potentialAction":[{"@type":"ReadAction","target":["https:\/\/www.flatworldphoto.com\/griechenland\/datenschutz\/"]}]},{"@type":"BreadcrumbList","@id":"https:\/\/www.flatworldphoto.com\/griechenland\/datenschutz\/#breadcrumb","itemListElement":[{"@type":"ListItem","position":1,"name":"Startseite","item":"https:\/\/www.flatworldphoto.com\/griechenland\/"},{"@type":"ListItem","position":2,"name":"Datenschutz"}]},{"@type":"WebSite","@id":"https:\/\/www.flatworldphoto.com\/griechenland\/#website","url":"https:\/\/www.flatworldphoto.com\/griechenland\/","name":"flatworldphoto","description":"Fotoreportage | Griechenland","potentialAction":[{"@type":"SearchAction","target":{"@type":"EntryPoint","urlTemplate":"https:\/\/www.flatworldphoto.com\/griechenland\/?s={search_term_string}"},"query-input":"required name=search_term_string"}],"inLanguage":"de-DE"}]}},"_links":{"self":[{"href":"https:\/\/www.flatworldphoto.com\/griechenland\/wp-json\/wp\/v2\/pages\/544"}],"collection":[{"href":"https:\/\/www.flatworldphoto.com\/griechenland\/wp-json\/wp\/v2\/pages"}],"about":[{"href":"https:\/\/www.flatworldphoto.com\/griechenland\/wp-json\/wp\/v2\/types\/page"}],"author":[{"embeddable":true,"href":"https:\/\/www.flatworldphoto.com\/griechenland\/wp-json\/wp\/v2\/users\/2"}],"replies":[{"embeddable":true,"href":"https:\/\/www.flatworldphoto.com\/griechenland\/wp-json\/wp\/v2\/comments?post=544"}],"version-history":[{"count":4,"href":"https:\/\/www.flatworldphoto.com\/griechenland\/wp-json\/wp\/v2\/pages\/544\/revisions"}],"predecessor-version":[{"id":580,"href":"https:\/\/www.flatworldphoto.com\/griechenland\/wp-json\/wp\/v2\/pages\/544\/revisions\/580"}],"wp:attachment":[{"href":"https:\/\/www.flatworldphoto.com\/griechenland\/wp-json\/wp\/v2\/media?parent=544"}],"curies":[{"name":"wp","href":"https:\/\/api.w.org\/{rel}","templated":true}]}}